13.
9
Calculate the remainder when 131 is divided by 22.
21
Calculate the remainder when 88 is divided by 48.
40
What is the remainder when 1144 is divided by 77?
66
Calculate the remainder when 42 is divided by 35.
7
What is the remainder when 609 is divided by 77?
70
What is the remainder when 431 is divided by 12?
11
Calculate the remainder when 688 is divided by 40.
8
Calculate the remainder when 245 is divided by 63.
56
Calculate the remainder when 838 is divided by 74.
24
Calculate the remainder when 410 is divided by 31.
7
What is the remainder when 112 is divided by 56?
0
What is the remainder when 1013 is divided by 72?
5
What is the remainder when 514 is divided by 23?
8
What is the remainder when 21393 is divided by 12?
9
Calculate the remainder when 2780 is divided by 56.
36
Calculate the remainder when 151 is divided by 10.
1
What is the remainder when 2952 is divided by 105?
12
Calculate the remainder when 19179 is divided by 20.
19
What is the remainder when 437 is divided by 36?
5
Calculate the remainder when 461 is divided by 14.
13
What is the remainder when 125 is divided by 57?
11
What is the remainder when 399 is divided by 35?
14
What is the remainder when 1273 is divided by 465?
343
Calculate the remainder when 444 is divided by 32.
28
Calculate the remainder when 2952 is divided by 328.
0
What is the remainder when 507 is divided by 187?
133
Calculate the remainder when 144 is divided by 73.
71
What is the remainder when 8659 is divided by 71?
68
What is the remainder when 1720 is divided by 14?
12
Calculate the remainder when 1574 is divided by 105.
104
Calculate the remainder when 2413 is divided by 2407.
6
What is the remainder when 1778 is divided by 111?
2
What is the remainder when 3190 is divided by 317?
20
Calculate the remainder when 965 is divided by 4.
1
What is the remainder when 494 is divided by 31?
29
Calculate the remainder when 553 is divided by 2.
1
What is the remainder when 312 is divided by 73?
20
What is the remainder when 399 is divided by 16?
15
Calculate the remainder when 244 is divided by 105.
34
Calculate the remainder when 481 is divided by 154.
19
What is the remainder when 490 is divided by 163?
1
What is the remainder when 182 is divided by 86?
10
Calculate the remainder when 8745 is divided by 27.
24
Calculate the remainder when 356 is divided by 22.
4
What is the remainder when 47 is divided by 20?
7
Calculate the remainder when 966 is divided by 9.
3
What is the remainder when 32 is divided by 13?
6
What is the remainder when 3247 is divided by 29?
28
What is the remainder when 120 is divided by 25?
20
What is the remainder when 1308 is divided by 101?
96
Calculate the remainder when 1023 is divided by 6.
3
Calculate the remainder when 2782 is divided by 93.
85
What is the remainder when 292 is divided by 50?
42
Calculate the remainder when 194 is divided by 52.
38
What is the remainder when 202 is divided by 24?
10
What is the remainder when 140 is divided by 13?
10
What is the remainder when 3147 is divided by 25?
22
What is the remainder when 32 is divided by 20?
12
Calculate the remainder when 13558 is divided by 7.
6
What is the remainder when 354 is divided by 52?
42
What is the remainder when 1065 is divided by 216?
201
Calculate the remainder when 272 is divided by 28.
20
What is the remainder when 477 is divided by 32?
29
Calculate the remainder when 426 is divided by 219.
207
What is the remainder when 202 is divided by 28?
6
What is the remainder when 248 is divided by 24?
8
Calculate the remainder when 722 is divided by 232.
26
What is the remainder when 377 is divided by 34?
3
What is the remainder when 14447 is divided by 21?
20
Calculate the remainder when 4342 is divided by 207.
202
Calculate the remainder when 2792 is divided by 9.
2
What is the remainder when 298 is divided by 103?
92
What is the remainder when 19308 is divided by 123?
120
Calculate the remainder when 25 is divided by 2.
1
What is the remainder when 283 is divided by 268?
15
What is the remainder when 226 is divided by 23?
19
What is the remainder when 44 is divided by 30?
14
Calculate the remainder when 1165 is divided by 22.
21
Calculate the remainder when 409 is divided by 113.
70
What is the remainder when 262 is divided by 76?
34
Calculate the remainder when 824 is divided by 38.
26
What is the remainder when 604 is divided by 187?
43
Calculate the remainder when 879 is divided by 55.
54
Calculate the remainder when 1940 is divided by 74.
16
What is the remainder when 205 is divided by 52?
49
What is the remainder when 70 is divided by 36?
34
What is the remainder when 335 is divided by 8?
7
What is the remainder when 1302 is divided by 163?
161
Calculate the remainder when 899 is divided by 22.
19
Calculate the remainder when 183 is divided by 31.
28
What is the remainder when 188 is divided by 10?
8
What is the remainder when 1487 is divided by 37?
7
Calculate the remainder when 357 is divided by 30.
27
What is the remainder when 506 is divided by 40?
26
What is the remainder when 325 is divided by 164?
161
What is the remainder when 217 is divided by 52?
9
Calculate the remainder when 591 is divided by 114.
21
Calculate the remainder when 705 is divided by 65.
55
Calculate the remainder when 1333 is divided by 15.
13
Calculate the remainder when 858 is divided by 141.
12
Calculate the remainder when 2075 is divided by 256.
27
What is the remainder when 481 is divided by 70?
61
Calculate the remainder when 832 is divided by 35.
27
Calculate the remainder when 277 is divided by 180.
97
What is the remainder when 14935 is divided by 36?
31
Calculate the remainder when 248 is divided by 68.
44
Calculate the remainder when 1823 is divided by 73.
71
Calculate the remainder when 1342 is divided by 14.
12
What is the remainder when 520 is divided by 87?
85
Calculate the remainder when 484 is divided by 126.
106
Calculate the remainder when 498 is divided by 25.
23
Calculate the remainder when 347 is divided by 87.
86
Calculate the remainder when 47 is divided by 16.
15
What is the remainder when 919 is divided by 349?
221
Calculate the remainder when 1671 is divided by 54.
51
Calculate the remainder when 34957 is divided by 115.
112
Calculate the remainder when 3290 is divided by 821.
6
Calculate the remainder when 224 is divided by 9.
8
Calculate the remainder when 1186 is divided by 36.
34
What is the remainder when 2277 is divided by 755?
12
What is the remainder when 611 is divided by 165?
116
Calculate the remainder when 635 is divided by 12.
11
Calculate the remainder when 182 is divided by 8.
6
What is the remainder when 211 is divided by 35?
1
Calculate the remainder when 166 is divided by 4.
2
What is the remainder when 2684 is divided by 64?
60
Calculate the remainder when 1573 is divided by 105.
103
What is the remainder when 318 is divided by 20?
18
Calculate the remainder when 1168 is divided by 90.
88
Calculate the remainder when 689 is divided by 5.
4
Calculate the remainder when 1393 is divided by 197.
14
What is the remainder when 215 is divided by 206?
9
What is the remainder when 7302 is divided by 67?
66
Calculate the remainder when 836 is divided by 9.
8
Calculate the remainder when 184 is divided by 58.
10
What is the remainder when 19616 is divided by 39?
38
What is the remainder when 849 is divided by 142?
139
Calculate the remainder when 25204 is divided by 46.
42
What is the remainder when 616 is divided by 47?
5
What is the remainder when 1344 is divided by 57?
33
What is the remainder when 280 is divided by 11?
5
What is the remainder when 2770 is divided by 14?
12
What is the remainder when 94 is divided by 14?
10
What is the remainder when 199 is divided by 69?
61
What is the remainder when 24 is divided by 21?
3
What is the remainder when 445 is divided by 32?
29
What is the remainder when 560 is divided by 17?
16
Calculate the remainder when 22022 is divided by 25.
22
Calculate the remainder when 115 is divided by 39.
37
Calculate the remainder when 973 is divided by 226.
69
Calculate the remainder when 438 is divided by 87.
3
What is the remainder when 625 is divided by 232?
161
What is the remainder when 752 is divided by 58?
56
What is the remainder when 6541 is